 y = -155 + 360. Suppose -5*w = -z - 223, 5*w = -z - 4*z + y. What is the remainder when w is divided by 12?
8
Let k = -129 + 170. Calculate the remainder when k is divided by 11.
8
Let m(t) = -55*t - 45. What is the remainder when m(-4) is divided by 11?
10
Suppose 3*c = 382 - 346. What is the remainder when 33 is divided by c?
9
Let m = -26 + 28. Suppose 4*w - 6*q = -q + 80, 3*w + 4*q - 91 = 0. What is the remainder when m*-4*-74*(-5)/(-40) is divided by w?
24
Suppose 930 = -61*h + 71*h. What is the remainder when h is divided by 8?
5
Let a(f) be the first derivative of 3*f**4/4 - 11*f**3/3 - 3*f**2/2 - 3*f + 22. What is the remainder when a(5) is divided by 28?
26
Let c(t) = -2*t - 4. Let r be c(-13). Let k = 27 - r. Suppose -5*z = -0*z - 65. What is the remainder when z is divided by k?
3
Let i = 633 - 601. What is the remainder when 94 is divided by i?
30
Suppose -3*o + 4*i - 42 = -17, -3*i = 2*o + 11. Let s(t) = t**3 + 6*t**2 - 9*t + 2. What is the remainder when 62 is divided by s(o)?
14
Let k(r) = -r**2 - 8*r + 12. Let v be k(-9). Suppose d + v = -0. Calculate the remainder when (7/d - -2)*-51 is divided by 10.
7
Let n = 339 + -335. Calculate the remainder when n is divided by 1.
0
Suppose 6*a - 32 = 22. Suppose 0 = 7*m - a*m + 14. What is the remainder when 11 is divided by m?
4
Let j be 2/(-8) - (-40)/32. Let g = j + 0. What is the remainder when (10 - (-1 + 3))*g is divided by 3?
2
Calculate the remainder when 76/6*(16 - 10) is divided by 13.
11
Let d be 0 - -57 - 20/10. Suppose 0 = 4*c + 41 + d. Let r = -1 - c. What is the remainder when r is divided by 6?
5
Let f = -354 + 637. Calculate the remainder when f is divided by 22.
19
Suppose -242 = -47*x + 416. Calculate the remainder when 120 is divided by x.
8
Calculate the remainder when 217 is divided by (-75)/2*4*(-7)/42.
17
Suppose 0 = -13*d - 19 + 149. What is the remainder when 29 is divided by d?
9
Let i = 172 + -155. Suppose -x + z + 246 = 4*x, -3*x + 2*z = -142. What is the remainder when x is divided by i?
16
Suppose 0 = -5*c - 4*i + 97, -32 + 88 = 4*c - 4*i. Let h = 17 + c. Calculate the remainder when 125 is divided by h.
23
Let s = 70 + -42. Suppose 0 = -u + 2*o + s, -4*u + 5*o - 39 + 157 = 0. Let t = -20 + 31. What is the remainder when u is divided by t?
10
Calculate the remainder when 6 + 225 + -4 - -4 is divided by 47.
43
Suppose 0*n + 2*n = -4*x + 166, 0 = x - 3*n - 45. What is the remainder when x is divided by 23?
19
Suppose 3 = -2*w + 67. Let v = -22 + w. Let p = -44 + 82. Calculate the remainder when p is divided by v.
8
Let u(s) = 10*s**2 - 5*s - 5. Let o be u(-2). Let b = o + -24. Suppose -4*m + 148 = -180. Calculate the remainder when m is divided by b.
19
Let z(f) = -36*f - 211. Calculate the remainder when 208 is divided by z(-6).
3
Let b(w) = 2*w + 37. Let l be 1 + (7 - 9/3). Let m = l - 0. What is the remainder when b(-10) is divided by m?
2
Let o = -109 + 152. Suppose -5*k = 5*h - 410, 5*k - 317 - 87 = h. What is the remainder when k is divided by o?
38
Let n = -112 + 170. Suppose 4*p = 30 + n. Let v(g) = -4*g. Calculate the remainder when p is divided by v(-3).
10
Suppose -k + 13 = 5*z - 61, 36 = 2*z + 2*k. Let y(o) be the second derivative of 2*o**3/3 - 7*o**2 - 14*o. Calculate the remainder when y(13) is divided by z.
10
Let q(p) = -6*p**3 + 2*p**2 - 18 + 17 - 2*p - p**2 + 0*p**3. Suppose -7 = 5*d + v, -d - 4*v = -9 - 1. What is the remainder when q(d) is divided by 19?
17
Calculate the remainder when ((-340)/(-15) - -10)*3 is divided by 49.
0
Suppose 39 = s + r, 2*s + 0*s - 54 = 4*r. Suppose -s*k + 228 = -32*k. Calculate the remainder when k is divided by ((-3)/(-2))/(2/52).
37
Suppose -2 = l - 4. Suppose 5*y - u = 117, l*u + 66 = y + 2*y. What is the remainder when y is divided by 5?
4
Suppose -16 = u + 4*r, 5*r + 29 = u - 0*r. Suppose -a - 882 = -u*a. Suppose a = 4*o + 50. What is the remainder when o is divided by 16?
13
Let v(l) = l**3 - 2*l. Let k be v(2). Suppose k*h + 3*z - 127 = 8, 5*h = -4*z + 170. What is the remainder when h is divided by 5?
0
Let r(c) = 63*c**3 - 2*c + 2. Let q be r(1). Let a = q + -12. Let j = -18 - -31. What is the remainder when a is divided by j?
12
Suppose -23*g + 27*g = 52. What is the remainder when 51 + ((-32)/(-12))/(14/(-21)) is divided by g?
8
Let h(b) = -34*b - 21. What is the remainder when 107 is divided by h(-1)?
3
Suppose -28*g - 37 - 243 = 0. Let j(a) be the second derivative of -a**4/12 - 13*a**3/6 - 5*a**2 + 2*a. What is the remainder when 77 is divided by j(g)?
17
Suppose 5*p - 4*v = -11 + 53, 36 = 4*p - 4*v. Suppose -269 = -p*i + 7. Calculate the remainder when i is divided by 4.
2
Suppose 4*t = 3*t + 4. Let j(h) = 2*h + 4. Calculate the remainder when j(t) is divided by 50/(2 + 3) + -3.
5
Suppose -585*w + 572*w = -3809. Calculate the remainder when w is divided by 106.
81
Suppose 31*h = 33*h - 10. Let w be 71 - (0 - (-4 - -3)). Suppose -5*g + w = h*q - 10, -g + 3*q - 4 = 0. What is the remainder when 18 is divided by g?
7
Suppose 0 = 2*u - 10 - 14. Suppose -u*q + 252 = -3*q. Calculate the remainder when q is divided by 6.
4
Suppose 5*d = 4*q + 1383, -d + 0*q = -5*q - 285. What is the remainder when d is divided by 56?
51
Let x be (-3)/1 + 13 + 12. Suppose -3*i = -x + 4. Calculate the remainder when -17*3*4/(-12) is divided by i.
5
Suppose 0 = -3*w + 3*u + 27, -40*w - 3*u - 19 = -42*w. What is the remainder when 41 is divided by w?
1
Let y(p) be the third derivative of p**6/120 + p**5/5 - 17*p**4/24 - 2*p**3/3 + 2*p**2. Calculate the remainder when y(-13) is divided by 13.
9
Let s be (3 - (-4 - -1)) + -4. Suppose -3*u = u - 64. What is the remainder when u is divided by (-6)/(s*3/(-6))?
4
Let q = 728 - 261. What is the remainder when q is divided by 26?
25
Let j(o) = -o + 119. Calculate the remainder when j(40) is divided by 46.
33
Let x(i) = 6*i**2 + 6*i - 1. Let j be x(-3). Suppose 0 = 3*h + 5*d - j, -4*h + 0*d - 2*d = -28. What is the remainder when 4 - 1 - (-3 - 4) is divided by h?
0
Let m be ((-45)/20)/9*0. Suppose -c - 4*h + 42 = m, 4*c + 3*h + 0*h = 103. Calculate the remainder when c is divided by 8.
6
Let k = -66 - -127. Suppose -4*c + 88 = 2*h, -4*c + 16 = h - 72. What is the remainder when k is divided by c?
17
Let q(i) = i**3 - 8*i**2 + 2*i - 10. Calculate the remainder when q(10) is divided by 71.
68
Let c = 93 + -42. Suppose g = -3*g + 120. Let t = -3 + g. What is the remainder when c is divided by t?
24
Let r = 17 + 2. Let o = -14 + r. Suppose o*y - 4 = 41. Calculate the remainder when 25 is divided by y.
7
Let a(j) = j**2 - 5*j + 12. Let r(m) = -m**2 + 4*m - 11. Let o(u) = -4*a(u) - 5*r(u). What is the remainder when 85 is divided by o(4)?
16
What is the remainder when 125 + 3 + -4 + (2 - 3) is divided by 33?
24
Let g(h) = -h**2 - 21*h - 35. Let u = 4 - 0. Let l = 8 - u. Calculate the remainder when g(-18) is divided by l.
3
Let d(t) = 44*t**3 + t**2 - 2*t + 1. Let i(o) = 12*o**3 - 3*o + 3. What is the remainder when d(1) is divided by i(1)?
8
Let w(z) = z**2 + z - 7. Let y = 3 + 14. Let t = 12 - y. Calculate the remainder when w(t) is divided by 8.
5
Let v be 57/12 - (-2)/8. Suppose -v*h + h + 48 = 0. Let y = 51 - 6. Calculate the remainder when y is divided by h.
9
Calculate the remainder when (-35 + 10 + 5)*(-4 - -2) is divided by 4.
0
Let j(a) = a**3 + 8*a**2 - 5. Let k = -8 + 20. What is the remainder when j(-5) is divided by k?
10
Suppose 5*g + m = 170, -3*g = -4*g + 4*m + 34. Let l = 57 - g. What is the remainder when (-10)/20*(-179 - -1) is divided by l?
20
Let i = -2 + 16. Suppose r - 2*j = 4*r - 42, 2*r - j - 21 = 0. Let x(n) = n**3 - 13*n**2 + 12*n + 4. Calculate the remainder when i is divided by x(r).
2
Let j = -19 + 14. Calculate the remainder when 44 is divided by (-79)/j - 36/45.
14
Let n = -207 - -307. What is the remainder when 195 is divided by n?
95
Let a be 34*(0 - (2 + -3)). Suppose -17 = -3*p + a. Suppose -i + 0 + 9 = 0. What is the remainder when p is divided by i?
8
Let f(d) be the third derivative of d**5/60 + d**4/24 - d**3/2 + 3*d**2. Let w be f(-6). Let h = w + 40. Calculate the remainder when h is divided by 23.
21
Let v(u) = 5*u + 7. Let y = -3 + -6. What is the remainder when v(5) is divided by 80/24*y/(-2) + 2?
15
Suppose 3*b + 0*b - 5*d - 37 = 0, 0